- -7*18/(-42))*-69. Calculate the greatest common factor of 1863 and b.
69
Let s be (47/2)/(5/30). Suppose -8*v + 379 = -s. Suppose 2*b + 3*b - 65 = 0. Calculate the highest common divisor of v and b.
13
Suppose 2*c + 44*r - 57 = 43*r, 5*r = 3*c - 79. Calculate the greatest common divisor of c and 133.
7
Let l be 142/(-213)*13*-12. What is the highest common factor of l and 182?
26
Suppose 18*q = 12*q - 12. Let k(c) = 2*c**2 + 3*c + 2. Let w be k(q). Calculate the highest common factor of w and 12.
4
Suppose 0 = -16*t + 814 - 206. Calculate the greatest common divisor of t and 95.
19
Let r = 917 + 371. Suppose -r = -4*l - 4*h, 4*l = 9*h - 5*h + 1264. Calculate the greatest common factor of 11 and l.
11
Let j be (-4 - (-2 + 0) - 3) + 131. Calculate the greatest common divisor of 168 and j.
42
Suppose -5*c - 5*h + 60 = 0, -4*h + 9 - 3 = c. What is the greatest common factor of 12 and c?
2
Let t be (-1 - (20/4 - 1))/(-1). Let b be 18/(1/(-3) - -1). Suppose t*u - 43 = b. Calculate the highest common divisor of u and 56.
14
Suppose -2*q = 4*w - 156, 5*q = -4*w + 205 + 191. Let l be ((-200)/(-2))/(117/26 - 4). Calculate the greatest common divisor of q and l.
40
Suppose 4*s - 293 = n, n + 92 + 57 = 2*s. Suppose -5*o + 4*k + 0*k = -78, -4*o + 66 = -2*k. What is the greatest common factor of o and s?
18
Suppose 5*v - 2 = 313. What is the greatest common factor of 7 and v?
7
Let d be ((-35)/3)/(-5)*-3*-4. Calculate the highest common divisor of d and 644.
28
Suppose -1950 = -8*t - 5*t. Suppose 0 = -6*r + r + t. What is the greatest common factor of 45 and r?
15
Let v = 316 + -43. What is the highest common factor of v and 39?
39
Suppose -5*s + 2*k + 0*k + 4096 = 0, 0 = 2*s - 5*k - 1630. Calculate the highest common divisor of 20 and s.
20
Let b(n) = -51*n + 24. Let i be b(-3). Let m = 357 - i. What is the greatest common factor of m and 20?
20
Let d = -12 + 11. Let n be (-1 - d)/(26/(-13)). Suppose -15*p + 11*p + 4 = n. Calculate the highest common factor of 5 and p.
1
Let a(t) = -84*t + 20. Let w be a(-3). What is the greatest common divisor of w and 119?
17
Suppose v - 57 = 4*f - f, 3*f + 183 = 4*v. Let a be (844/(-6))/(2/3). Let t be 7/(-14) - a/2. Calculate the greatest common divisor of v and t.
21
Let v(b) = b**3 + 5*b**2 + 1. Let g be v(-5). Suppose -5*q + 4*o - 3*o + 25 = 0, 0 = o. Suppose -2 - 38 = -q*s. What is the highest common divisor of g and s?
1
Let v(q) = 1 + 7 - 6*q + 6 - q**2 + 15*q. Suppose 3*y - 2*m - 36 = -5*m, -y - 4 = -3*m. Let k be v(y). What is the greatest common divisor of 11 and k?
11
Let m(g) = -33*g. Let s be m(-4). Let f(b) = -10*b**3 - 2*b**2 + 1. Let j be f(1). Let w = 23 + j. What is the highest common factor of s and w?
12
Let k = -68 + 133. What is the highest common factor of k and 5?
5
Suppose 3*f + 0*j = -j + 22, 4*f + 4*j - 16 = 0. Let q = 13 - f. What is the highest common factor of q and 10?
2
Let c be 1557*(265/106 - (-6)/(-4)). What is the greatest common factor of 9 and c?
9
Suppose 4*l - 4*f = l + 83, 0 = 3*l - 2*f - 85. Calculate the highest common divisor of 87 and l.
29
Let s(j) = 7*j + 13. Let h(a) = -5*a - 12. Let b(t) = 5*h(t) + 4*s(t). Let r be 3/2*(-24)/(-9). Let l be b(r). Calculate the highest common factor of 20 and l.
4
Let x be 30*(4 + (-4)/((-24)/(-21))). What is the highest common factor of x and 40?
5
Let q(f) be the third derivative of f**5/60 - f**4/12 + 2*f**3/3 + 12*f**2. Let m be q(-2). Calculate the highest common divisor of m and 132.
12
Let s be (12 - 4 - 0) + 25. Calculate the greatest common factor of 1749 and s.
33
Let y be (-16)/72 - (-58)/18. Suppose 5*z - y = 2. Calculate the highest common factor of 2 and z.
1
Let i be (-4 + -2)*27/(-9). Calculate the highest common divisor of 1206 and i.
18
Let v = -32 + 49. Let o = 19 - v. Let p be -40*(-1)/o + -4. What is the greatest common factor of p and 8?
8
Let s be (0*1/(-2))/1. Suppose -5*k - 2*d + 50 = s, -3*k - 11 = 3*d - 50. What is the highest common divisor of k and 8?
8
Let q = 2 + 3. Let h be (-1)/(14/8 - (-1 + 3)). Suppose -178 = -h*r - 2*l, 97 = 5*r + 2*l - 126. What is the greatest common factor of q and r?
5
Suppose 13*f + 0*f - 13 = 0. Calculate the highest common factor of f and 4.
1
Let h be (-24)/96 + 2369/4. What is the greatest common factor of 74 and h?
74
Let d = -6 - -34. Let b(s) = -28*s + 3. Let n be b(-4). Let l be (-4)/(n/(-35) - -3). Calculate the greatest common factor of d and l.
14
Suppose 3*x = -2*t + 124, -x - 5*t + 90 = x. Suppose 4*h - x = -i, 5*h + 40 = i + 4*h. Calculate the greatest common factor of 32 and i.
8
Suppose v + 15 = -4*v, 3*v - 91 = -5*w. Let x = 104 - 110. Let k = x + w. Calculate the greatest common divisor of k and 21.
7
Let w = 281 + -273. Suppose 5*i = w*i - 24. Suppose -4 = 4*u, 0 = -5*v - u + 3*u + 362. Calculate the highest common factor of i and v.
8
Suppose -3*b + 2 = -5*b, 2*d + 5*b = 1. Suppose -r - 118 = -d*r + 2*t, -4*t = -5*r + 300. What is the greatest common divisor of 160 and r?
32
Let z be (4 - 1)/((-3)/(-8)). Suppose z*l - 3*l - 10 = 0. Suppose -b = o + 3*o - 18, 3*b = -5*o + 47. Calculate the highest common divisor of b and l.
2
Let d = 927 + -822. Calculate the greatest common divisor of 861 and d.
21
Let f be -9*1/2*574/(-123). Calculate the greatest common factor of 35 and f.
7
Let o(k) = k**3 - 13*k**2 - 8*k + 33. Let g be o(14). Let d be ((-3)/(-2))/((-9)/(-78)). What is the highest common factor of d and g?
13
Let v be (6/4)/((-1)/(-10)). Suppose -v - 1 = x. Let i = 24 + x. What is the highest common factor of i and 88?
8
Let l = -307 - -349. Calculate the greatest common divisor of 21 and l.
21
Let x(p) = p**2 - 20*p + 39. Let f(a) = -a + 1. Let l(t) = 6*f(t) - x(t). Let j be l(9). What is the highest common divisor of 132 and j?
12
Let w = -426 + 530. Calculate the highest common factor of 24 and w.
8
Suppose -4*a - a = k - 803, 2*k - 157 = -a. Suppose 2*h - a = 6*w - 11*w, -4*w = -2*h - 136. Calculate the highest common factor of w and 22.
11
Let b(o) = o**2 - 2*o + 42. Let a be b(0). What is the highest common divisor of 70 and a?
14
Suppose -5*l - 46 = -151. Let q(h) = h**3 - 3*h**2 - 10*h. Let n be q(7). What is the greatest common factor of n and l?
21
Let a = -35 - -63. Let v(d) = 71*d**2 + 2*d + 1. Suppose 0 = -h - 4 + 3. Let i be v(h). Calculate the greatest common factor of i and a.
14
Let n be (2 - (-4)/(-3)) + 524/393. What is the greatest common divisor of n and 278?
2
Let q = -12 + 8. Let c be (q + 2 - -2) + 23. Suppose 4*s - 2*z - 828 = 0, -s + 2*s + 2*z = 207. Calculate the highest common factor of c and s.
23
Suppose 5*q = -2*c + 4*c + 4032, 0 = -3*q + 3*c + 2412. What is the greatest common divisor of q and 8?
8
Let g = 2581 + -2573. What is the greatest common divisor of 1888 and g?
8
Let q be 98 - (-8 - -2 - (-11 - 0)). Calculate the greatest common factor of 6 and q.
3
Suppose 138 + 147 = 5*d. Suppose 42 = 3*g - 4*p, -4*g + 5*p + d = -0*g. Suppose 6*t - 4*t - g = 0. What is the greatest common divisor of 9 and t?
9
Suppose -2641 + 1991 = -10*x. What is the greatest common factor of 1885 and x?
65
Let h = 531 - 527. Let m(p) = p**2 - 3*p. Let g be m(5). What is the greatest common divisor of h and g?
2
Suppose b + 3*t - 100 = -2*t, -5*t + 10 = 0. What is the highest common factor of 378 and b?
18
Let q be 1 + 1 + -2 + 10. Suppose -l + 5*n + 96 = 3*n, 4*n + 388 = 4*l. Let w = -68 + l. Calculate the highest common divisor of q and w.
10
Suppose 0 = 12*w - 151 - 17. Suppose -4*s = -2*v - 214, 4*s - 239 = 2*v - 5*v. Calculate the highest common divisor of w and s.
14
Let r = 485 - 452. Calculate the highest common factor of 132 and r.
33
Let l(n) = -3*n + 7. Suppose 5*w + 3*w = -40. Let y be l(w). What is the highest common divisor of 2 and y?
2
Suppose 33 - 23 = s. What is the highest common factor of 10 and s?
10
Let v(g) = 14*g - 24. Let y = 128 + -126. Let z be v(y). What is the greatest common factor of z and 10?
2
Let a = -30 + 36. Let l be a + -8 + 25 + 1. Calculate the greatest common divisor of l and 16.
8
Let d be 18/2 + (-7 - -10). Let w = d - -1. Let i(z) = 6*z**2 + 2*z. Let m be i(4). What is the highest common divisor of w and m?
13
Suppose 5*d + 3*f = 67, -4*d = d - 3*f - 43. Let i = d - 6. Suppose -5*o + 21 = 4*w - i, -3*w